vided by 15?
14
Suppose 11*y - 345 = z, 0 = y + 4*z - 3*z - 27. Calculate the remainder when 113 - (2 + -1)/1 is divided by y.
19
Suppose -4*q + 0*q = 3*b - 134, 142 = 4*b - 2*q. Suppose 0 = -44*v + 43*v + 5. Calculate the remainder when b is divided by v.
3
Let m = -10835 - -10985. Calculate the remainder when m is divided by 32.
22
Suppose 2 = -6*n + 104. Suppose c - n = 2*t - t, 3*c + 2*t - 61 = 0. What is the remainder when 150 is divided by c?
17
Suppose 4 = -6*b + 40. Let i = 994 + -570. What is the remainder when 119 is divided by i/14 - b/21?
29
Let o(v) = -48*v + 14. Let n(l) = -49*l + 14. Let g(x) = 2*n(x) - 3*o(x). Let q be (-54)/(-12)*(-34)/(-51). What is the remainder when g(q) is divided by 25?
24
Let f(q) = q + 2. Suppose 2*v - 2*d + 320 = -4*d, 2*d - 340 = 2*v. Let w = v - -182. Calculate the remainder when w is divided by f(7).
8
Let d = 634 - 636. Let b(p) = -4*p**3 - p - 1. Calculate the remainder when 229 is divided by b(d).
31
Suppose 0 = 110*o - 112*o + 102. Let h = 26 - 14. Calculate the remainder when o is divided by h.
3
Let i = 7574 - 3836. Calculate the remainder when i is divided by 1865.
8
Suppose -2*h + 5*m - 2*m = 6, -4 = -m. Let g be 4 + -3 - (-2 + 51). What is the remainder when 92 is divided by ((-180)/g)/(h/20)?
17
Let n be 2 + (3 - (-188 - (-8)/2)). Suppose -n*v + 74 = -188*v. Calculate the remainder when v is divided by 11.
8
Let j = -5 + 10. Suppose j*t - 8 = 17. Suppose 185 = 4*r + t*i, 5*r = -5*i + 3*i + 227. Calculate the remainder when r is divided by 16.
13
Let j(o) = 493*o - 3680. Calculate the remainder when j(9) is divided by 158.
125
Suppose -36 + 219 = -h. Let l = 184 + h. Suppose 3*m - 2*n - 11 = 0, -2*m + 11 - 1 = -2*n. What is the remainder when m is divided by l?
0
Suppose -5*l + 143 + 7 = 0. Let n = -13 - -17. Suppose b - 118 = -3*p, 574 = 5*b + n*p - 5*p. Calculate the remainder when b is divided by l.
25
Let a(s) = 47*s**3 - s**2 - 5*s + 6. What is the remainder when 3477 is divided by a(1)?
46
Let a = 7982 - 7974. Suppose 2*g + g = -6. Let r(x) = 25*x**2 + 4*x + 2. What is the remainder when r(g) is divided by a?
6
Suppose 831*c - 838*c = -2240. Let z = -307 + c. What is the remainder when 203 is divided by z?
8
Suppose -116 = -5*v + 2*o + 204, -5*v = 3*o - 320. Let n(p) = -67*p - 16. What is the remainder when n(-4) is divided by v?
60
Let w = -208 - -210. Calculate the remainder when ((-36)/(-48))/(w + (-2266)/1136) is divided by 13.
12
Let a = -8164 - -8339. Calculate the remainder when 581 is divided by a.
56
Suppose p - v - 15390 = 0, -60*p + 3*v = -61*p + 15418. What is the remainder when p is divided by 280?
277
Suppose 0 = 3*z - z - 16. Let c be -2*(-4)/z*335. Suppose -5*s + c = -0*q - 3*q, -5*s - 3*q = -305. Calculate the remainder when s is divided by 13.
12
Suppose 73 - 53 = -5*s. Let m = 3 + s. What is the remainder when 19 + 0/m*-1 is divided by 11?
8
Suppose 2*i - 36 = -2*y, -8*y - 5*i = -6*y - 30. What is the remainder when 172 is divided by y?
12
Suppose 232 = -7*f + 36*f. Suppose 4*j = 5*u - 1444, -10*j + f*j = -8. Calculate the remainder when u is divided by 60.
52
Let g = 169 + -259. What is the remainder when 298 is divided by 3*g/(-6) + -2?
40
Let t(x) = 39*x**2 + 12*x + 11. What is the remainder when 4216 is divided by t(-1)?
36
Suppose 0 = -2*q + 28, -q + 5 = 4*b - b - 318. Let s = 30 + -13. Calculate the remainder when b is divided by s.
1
Suppose -q = -8 + 2. Suppose 11*c - 20 = q*c. Suppose -115 = -c*k + 61. What is the remainder when k is divided by 23?
21
Suppose -2110 = 12*i - 66 - 27064. Calculate the remainder when i is divided by 14.
13
Calculate the remainder when 2970 is divided by 17559/189 + (-4)/105 + 18/135.
87
Calculate the remainder when (-1617)/(-11) - (4 - 0) is divided by ((504/16)/1 + -7)*(-4 + 6).
45
Let t(j) = 2*j**3 + 10*j**2 - 2*j - 7. Let g be t(-5). Calculate the remainder when 37 is divided by ((-33)/(-44))/(g/84).
16
Let p(n) = 4*n**2 + 211*n + 1087. What is the remainder when (-8)/(-6)*801/6 is divided by p(-47)?
4
Let r(t) = 150*t + 2500. What is the remainder when r(-16) is divided by 81?
19
Let y(q) = -q + 1. Let j(g) be the first derivative of 24*g**2 - 2*g + 17. Let w(t) = -j(t) - 3*y(t). Calculate the remainder when w(-3) is divided by 15.
14
Let m = 1195 + 15. Calculate the remainder when m is divided by 27.
22
Let o = 585 + -274. Let k = 208 - 187. What is the remainder when o is divided by k?
17
Suppose 13375 + 13909 = 38*a. Calculate the remainder when a is divided by 10.
8
Suppose 0 = -19*y + 7*y. Suppose 0 = -3*z - 5*l + 164, y = -12*z + 17*z - 2*l - 294. What is the remainder when z is divided by 10?
8
Let m = 2236 + -2219. What is the remainder when 29 is divided by m?
12
Let f(r) = 3*r**3 + 6*r**2 - 8*r + 9. Suppose -6*x - 3 = -15. What is the remainder when f(-3) is divided by x?
0
Let y = -991 + 1107. What is the remainder when 2780 is divided by y?
112
Let b(v) = -2*v**3 + 5*v**2 + 21*v + 77. Let t(k) = -k**3 + 2*k**2 + 11*k + 39. Let u(q) = 6*b(q) - 13*t(q). Calculate the remainder when u(-5) is divided by 9.
6
Suppose 0 = 56*o - 9182 + 6270. What is the remainder when 270 is divided by o?
10
Let a be -1 + -2 - -8*(-4)/8. Let r = -1 - -4. Calculate the remainder when (64/a)/(-1) + 11/(-77) is divided by r.
0
Let p(c) = -2*c**3 - 80*c**2 + 266*c + 380. Calculate the remainder when p(-43) is divided by ((-28)/10)/((-2)/10).
8
Suppose -15*h + 9974 + 8041 = 0. Calculate the remainder when h is divided by 17.
11
Let o = -3131 + 3301. Suppose 0 = 2*n + n - 171. What is the remainder when o is divided by n?
56
Let i(u) = -u**2 + 2*u + 7. Let h be i(-2). Calculate the remainder when h + ((-235)/1)/(-5) is divided by 12.
10
Suppose 622*q + 454999 - 94493 = 728*q. Calculate the remainder when q is divided by 15.
11
Let f(d) = -d**2 + 2*d + 51. Let a be f(8). Suppose -a*y + 1 = -44. Calculate the remainder when 269 is divided by y.
14
Suppose -19*q + 22*q - 5*r - 1037 = 0, -5*q = 2*r - 1749. Suppose 9*u + q - 1240 = 0. Calculate the remainder when u is divided by 22.
11
Suppose 2*x = -5*x + 2660. Calculate the remainder when 83 is divided by 8 - x/(-15) - (-4)/6.
15
Suppose -1 = -2*i + 3. Suppose -i*j - j + 1205 = 4*h, 3*h - 2*j = 891. What is the remainder when h is divided by 30?
29
Suppose -4675*o = -4667*o - 232. Calculate the remainder when 1491 is divided by o.
12
Let r(h) = 1123*h - 6718. Calculate the remainder when 1673 is divided by r(6).
13
What is the remainder when 21018/18 - (8 + (-225)/27) is divided by 24?
16
Suppose 5*k = 4*m + 274 - 500, -6*m + 264 = 5*k. What is the remainder when 158 is divided by m?
11
Suppose -16 = -4*w - 4*l, -3*l - 49 = -55. Calculate the remainder when 2/(-6) + (-10)/(-3) is divided by w.
1
Let s = 325 - 320. Suppose 172 = 3*b + 2*i, -i = s*b + 26 - 308. Let x(w) = 15*w. What is the remainder when b is divided by x(1)?
11
Let v = -108 + 113. Calculate the remainder when 11 is divided by ((-84)/(-30))/7*v.
1
Suppose -177*v + 8673 + 7788 = 0. What is the remainder when v is divided by 14?
9
Suppose -8*c + 1201 = -1175. Suppose -24*u + 27*u = c. Calculate the remainder when u is divided by 21.
15
Suppose -11334 + 15030 = 8*j. Calculate the remainder when 480 is divided by j.
18
Calculate the remainder when 829 is divided by 84/357 + 1569/51.
23
Let n(q) = 30*q**3 - q**2 + 4*q + 6. Let l be n(4). Suppose -51*a + 57*a - l = 0. What is the remainder when a is divided by 36?
33
Let i = 97566 - 97541. Suppose 0 = -5*x - 3*d + 2*d + 125, 0 = 4*x + d - 101. Calculate the remainder when i is divided by x.
1
Calculate the remainder when 157 is divided by (-204)/(-17) - 16/(-2).
17
Let t be ((-4)/30)/(1/5)*-9. Let o be 3 + (20 - (t + -2)). Suppose 51 + o = 5*j. Calculate the remainder when 123 is divided by j.
11
Suppose 573 = -55*f + 2278. What is the remainder when 94 is divided by f?
1
Let g be ((-12)/(-10))/((-12)/(-40)). Suppose g*t - 24 = 2*t. Let o = -12825 + 12883. What is the remainder when o is divided by t?
10
Let d be (-12)/(-6) - (-2)/((-8)/(-5012)). Let z = -873 + d. What is the remainder when z is divided by 12?
10
Suppose 3*x + 2*x - 1645 = 4*r, -3*r + 1680 = 5*x. Suppose -228*g + 475*g = 13832. What is the remainder when x is divided by g?
53
Let u(g) = g**3 - g**2 - g + 110. Le